ivide 2328828?
False
Does 22 divide 75570?
True
Does 54 divide 3758181?
False
Is 72 a factor of 1792224?
True
Is 733760 a multiple of 6?
False
Is 202 a factor of 887700?
False
Does 287 divide 7361837?
True
Is 1382887 a multiple of 173?
False
Is 3 a factor of 148362?
True
Is 1645294 a multiple of 217?
True
Is 6063682 a multiple of 8?
False
Is 159321 a multiple of 3?
True
Is 18 a factor of 125046?
True
Is 11279520 a multiple of 35?
True
Is 129724 a multiple of 7?
True
Is 1527660 a multiple of 135?
True
Is 8423575 a multiple of 1800?
False
Is 173 a factor of 1796026?
False
Does 117 divide 1600171?
False
Is 2098820 a multiple of 10?
True
Is 69 a factor of 1011816?
True
Does 122 divide 3918892?
False
Is 1135545 a multiple of 46?
False
Is 153400 a multiple of 104?
True
Does 81 divide 1610873?
False
Is 19 a factor of 12172540?
True
Is 401519 a multiple of 4?
False
Does 28 divide 336469?
False
Does 388 divide 691225?
False
Is 15 a factor of 535809?
False
Is 111488 a multiple of 32?
True
Does 1278 divide 4391208?
True
Is 14 a factor of 235580?
False
Is 12 a factor of 680894?
False
Does 28 divide 1648584?
True
Does 47 divide 168307?
True
Does 39 divide 88179?
True
Does 11 divide 21813?
True
Does 92 divide 17572?
True
Is 84 a factor of 2756208?
True
Is 215578 a multiple of 114?
False
Is 55 a factor of 781047?
False
Is 102 a factor of 342030?
False
Is 6 a factor of 84536?
False
Does 7 divide 2509830?
False
Does 370 divide 49866?
False
Is 566591 a multiple of 241?
True
Is 30 a factor of 2257489?
False
Is 71706 a multiple of 855?
False
Does 20 divide 5906513?
False
Is 1393775 a multiple of 197?
True
Does 783 divide 5304165?
False
Does 1728 divide 3518208?
True
Does 188 divide 446234?
False
Does 322 divide 2342228?
True
Does 10 divide 373140?
True
Is 25 a factor of 1134512?
False
Is 764359 a multiple of 23?
True
Is 39270 a multiple of 154?
True
Does 95 divide 98990?
True
Is 1290672 a multiple of 16?
True
Is 631653 a multiple of 673?
False
Is 639 a factor of 5312225?
False
Does 65 divide 448435?
True
Is 17 a factor of 27421?
True
Is 33 a factor of 2912318?
False
Is 35 a factor of 278600?
True
Does 136 divide 9760312?
True
Does 399 divide 1363?
False
Is 10 a factor of 4928044?
False
Is 190926 a multiple of 153?
False
Does 30 divide 5595618?
False
Is 359 a factor of 6103?
True
Does 53 divide 1124342?
True
Is 161 a factor of 1854237?
True
Does 4 divide 355764?
True
Is 44 a factor of 254159?
False
Does 54 divide 46332?
True
Does 753 divide 3704007?
True
Is 240273 a multiple of 11?
True
Does 328 divide 25719?
False
Is 3432092 a multiple of 258?
False
Does 21 divide 949956?
True
Does 25 divide 19545?
False
Is 11 a factor of 94393?
False
Does 19 divide 660164?
False
Is 171 a factor of 3691890?
True
Is 121 a factor of 3404955?
False
Is 77 a factor of 17971?
False
Is 11 a factor of 8134073?
False
Is 1052550 a multiple of 41?
False
Is 351330 a multiple of 21?
True
Is 137 a factor of 102202?
True
Does 39 divide 2470806?
True
Does 190 divide 717?
False
Is 16616604 a multiple of 9?
False
Is 214 a factor of 53928?
True
Is 10 a factor of 14083?
False
Is 973231 a multiple of 113?
False
Is 40 a factor of 7905026?
False
Is 70085 a multiple of 107?
True
Is 20 a factor of 90865?
False
Is 9141398 a multiple of 83?
False
Does 50 divide 78492?
False
Does 13 divide 167219?
True
Does 16 divide 145852?
False
Does 29 divide 125193?
True
Is 146854 a multiple of 2?
True
Is 67 a factor of 5175549?
True
Is 450 a factor of 508950?
True
Is 745569 a multiple of 187?
True
Is 286344 a multiple of 123?
True
Is 4 a factor of 208655?
False
Is 64 a factor of 34752?
True
Is 32 a factor of 2049760?
True
Is 98 a factor of 4396845?
False
Is 647 a factor of 789564?
False
Is 6 a factor of 72867?
False
Is 208 a factor of 19210048?
True
Does 333 divide 4018861?
False
Is 457571 a multiple of 294?
False
Is 689 a factor of 12523953?
True
Does 164 divide 8826189?
False
Is 5 a factor of 537694?
False
Is 10055 a multiple of 103?
False
Is 487787 a multiple of 111?
False
Is 2 a factor of 55944?
True
Is 96 a factor of 4436311?
False
Is 134052 a multiple of 12?
True
Is 198921 a multiple of 183?
True
Is 607276 a multiple of 967?
True
Is 2237236 a multiple of 122?
True
Is 110 a factor of 1253450?
True
Does 94 divide 721450?
True
Does 15 divide 352680?
True
Is 37 a factor of 11581?
True
Is 10 a factor of 2222395?
False
Does 21 divide 624603?
True
Is 341600 a multiple of 122?
True
Is 1340052 a multiple of 301?
True
Is 306768 a multiple of 112?
True
Is 65 a factor of 19240?
True
Does 11 divide 3528877?
True
Is 59 a factor of 12780?
False
Is 1395455 a multiple of 185?
True
Is 16352 a multiple of 224?
True
Is 10 a factor of 453859?
False
Is 192622 a multiple of 274?
True
Is 17 a factor of 442238?
True
Is 17 a factor of 7874?
False
Is 187 a factor of 144364?
True
Does 292 divide 65992?
True
Is 22 a factor of 54819?
False
Is 43386 a multiple of 2?
True
Is 8 a factor of 471588?
False
Does 148 divide 2569922?
False
Does 3 divide 7435?
False
Does 8 divide 11729328?
True
Is 729522 a multiple of 9?
True
Does 20 divide 286970?
False
Is 9211384 a multiple of 213?
False
Is 3197370 a multiple of 30?
True
Is 2530209 a multiple of 42?
False
Is 1937177 a multiple of 671?
True
Does 335 divide 45895?
True
Is 10388410 a multiple of 1457?
True
Is 133 a factor of 223892?
False
Is 19 a factor of 202001?
False
Is 16 a factor of 73984?
True
Is 99 a factor of 2305116?
True
Does 112 divide 427952?
True
Is 31288 a multiple of 46?
False
Is 1017670 a multiple of 745?
True
Does 156 divide 42265?
False
Does 6 divide 121680?
True
Does 19 divide 75690?
False
Is 5502 a multiple of 2?
True
Is 157 a factor of 363425?
False
Is 150656 a multiple of 88?
True
Is 2585957 a multiple of 338?
False
Is 113 a factor of 2086093?
True
Is 64046 a multiple of 146?
False
Is 1360514 a multiple of 270?
False
Is 211960 a multiple of 70?
True
Is 128 a factor of 194939?
False
Is 1614975 a multiple of 915?
True
Is 1683866 a multiple of 672?
False
Does 179 divide 978487?
False
Does 6 divide 254166?
True
Does 261 divide 341388?
True
Is 160147 a multiple of 9?
False
Is 168 a factor of 286411?
False
Is 9 a factor of 238336?
False
Does 315 divide 1553913?
False
Does 1039 divide 14100269?
True
Does 19 divide 2511943?
False
Is 15873084 a multiple of 54?
True
Is 42 a factor of 198576?
True
Does 14 divide 6489098?
True
Is 373 a factor of 2528194?
True
Does 230 divide 51290?
True
Is 1016910 a multiple of 298?
False
Is 144439 a multiple of 32?
False
Is 3789439 a multiple of 9?
False
Does 36 divide 842919?
False
Is 27 a factor of 5066366?
False
Does 208 divide 251472?
True
Is 3461912 a multiple of 8?
True
Is 93 a factor of 99324?
True
Is 105 a factor of 7447868?
False
Is 95 a factor of 288513?
False
Is 3366432 a multiple of 48?
True
Is 1013 a factor of 11199151?
False
Is 15 a factor of 172785?
True
Does 242 divide 361790?
True
Is 9368 even?
True
Is 401368 a multiple of 6?
False
Is 76 a factor of 1842880?
False
Does 38 divide 161880?
True
Is 498 a factor of 668526?
False
Is 418040 a multiple of 22?
False
Is 98862 a multiple of 140?
False
Is 150353 a multiple of 32?
False
Is 2855 a multiple of 7?
False
Is 5 a factor of 241668?
False
Is 17 a factor of 33252?
True
Is 42822 a multiple of 6?
True
Is 679168 a multiple of 64?
True
Is 1069 a factor of 6045195?
True
Does 42 divide 2864?
False
Is 24 a factor of 73043?
False
Is 44 a factor of 526765?
False
Is 8 a factor of 196541?
False
Is 6971 a multiple of 28?
False
Does 56 divide 72218?
False
Is 2477052 a multiple of 996?
True
Is 261016 a multiple of 131?
False
Is 339 a factor of 1367526?
True
Does 11 divide 403670?
False
Does 12 divide 2209844?
False
Does 193 divide 725873?
True
Is 199254 a multiple of 8?
False
Does 155 divide 181485?
False
Does 102 divide 1548054?
True
Does 326 divide 1561214?
True
Is 18 a factor of 6520737?
False
Is 145640 a multiple of 259?
False
Is 51 a factor of 1452582?
True
Is 718560 a multiple of 36?
True
Is 83232 a multiple of 32?
True
Is 987298 a multiple of 338?
True
Is 3720559 a multiple of 45?
False
Does 523 divide 468608?
True
Is 583934 a multiple of 37?
True
Is 77 a factor of 1373661?
False
Is 6050622 a multiple of 1201?
False
Is 11 a factor of 11779756?
False
Does 54 divide 3863548?
False
Does 5 divide 54368?